4?
True
Is 102 a factor of 48351?
False
Does 170 divide 11900?
True
Is 4 a factor of 8?
True
Is 341 a multiple of 31?
True
Does 12 divide 1048?
False
Does 46 divide 2283?
False
Does 10 divide 8100?
True
Is 52 a factor of 2756?
True
Does 219 divide 8760?
True
Is 1872 a multiple of 13?
True
Is 26 a factor of 279?
False
Does 11 divide 286?
True
Is 3 a factor of 150?
True
Is 9 a factor of 524?
False
Is 7383 a multiple of 107?
True
Does 51 divide 6519?
False
Is 41 a factor of 10414?
True
Is 6 a factor of 2706?
True
Is 2016 a multiple of 42?
True
Is 4950 a multiple of 33?
True
Is 26 a factor of 29217?
False
Is 50 a factor of 7300?
True
Is 30923 a multiple of 107?
True
Does 3 divide 1837?
False
Is 441 a multiple of 38?
False
Is 69435 a multiple of 20?
False
Is 3102 a multiple of 13?
False
Is 28 a factor of 923?
False
Is 79 a factor of 238?
False
Does 38 divide 366?
False
Does 10 divide 535?
False
Does 61 divide 3721?
True
Is 336 a multiple of 5?
False
Is 44353 a multiple of 23?
False
Is 45 a factor of 2520?
True
Does 20 divide 1300?
True
Is 1431 a multiple of 4?
False
Does 58 divide 5568?
True
Is 11 a factor of 4084?
False
Does 11 divide 28732?
True
Is 55707 a multiple of 5?
False
Does 65 divide 1532?
False
Is 11 a factor of 16339?
False
Is 1566 a multiple of 108?
False
Does 11 divide 26928?
True
Is 112 a factor of 4322?
False
Is 26 a factor of 676?
True
Is 8176 a multiple of 8?
True
Is 38 a factor of 3693?
False
Is 3779 a multiple of 100?
False
Is 31373 a multiple of 161?
False
Does 20 divide 3060?
True
Is 2862 a multiple of 27?
True
Is 7 a factor of 2576?
True
Does 34 divide 215?
False
Is 8117 a multiple of 11?
False
Is 13 a factor of 807?
False
Does 10 divide 13317?
False
Does 38 divide 3002?
True
Does 47 divide 4877?
False
Is 11 a factor of 2431?
True
Is 5200 a multiple of 20?
True
Does 43 divide 1763?
True
Does 2 divide 29?
False
Does 11 divide 1001?
True
Is 11464 a multiple of 44?
False
Is 30041 a multiple of 11?
True
Does 10 divide 80?
True
Does 15 divide 120?
True
Does 12 divide 1692?
True
Is 276 a multiple of 2?
True
Is 3770 a multiple of 5?
True
Is 29 a factor of 11372?
False
Is 1359 a multiple of 9?
True
Is 52 a factor of 897?
False
Is 11 a factor of 1180?
False
Does 27 divide 433?
False
Is 11 a factor of 314?
False
Is 3 a factor of 477?
True
Is 12093 a multiple of 139?
True
Is 4 a factor of 23?
False
Does 15 divide 13230?
True
Does 120 divide 7792?
False
Is 43826 a multiple of 347?
False
Is 62 a factor of 806?
True
Does 261 divide 29476?
False
Is 769 a multiple of 5?
False
Does 8 divide 18144?
True
Is 3451 a multiple of 29?
True
Is 7766 a multiple of 143?
False
Is 16245 a multiple of 14?
False
Does 179 divide 33115?
True
Does 19 divide 1859?
False
Does 4 divide 191?
False
Is 2199 a multiple of 50?
False
Does 4 divide 2507?
False
Is 13145 a multiple of 55?
True
Does 3 divide 1890?
True
Is 71 a factor of 1917?
True
Is 28 a factor of 1438?
False
Is 14 a factor of 25342?
False
Is 2792 a multiple of 14?
False
Is 9 a factor of 333?
True
Is 369 a multiple of 41?
True
Does 35 divide 9940?
True
Does 182 divide 65931?
False
Does 424 divide 64131?
False
Is 1349 a multiple of 12?
False
Is 699 a multiple of 9?
False
Is 37548 a multiple of 14?
True
Does 52 divide 2808?
True
Is 44 a factor of 1012?
True
Does 6 divide 8100?
True
Is 8 a factor of 56072?
True
Does 20 divide 2103?
False
Does 22 divide 10305?
False
Is 1456 a multiple of 32?
False
Is 61 a factor of 732?
True
Is 237 a multiple of 14?
False
Does 72 divide 432?
True
Does 37 divide 3515?
True
Does 181 divide 36850?
False
Is 215 a factor of 67616?
False
Does 6 divide 168?
True
Is 966 a multiple of 152?
False
Is 2600 a multiple of 23?
False
Is 2877 a multiple of 21?
True
Is 11808 a multiple of 72?
True
Does 19 divide 2051?
False
Is 2638 a multiple of 18?
False
Does 12 divide 12804?
True
Does 58 divide 37542?
False
Does 34 divide 3536?
True
Is 67 a factor of 6763?
False
Is 1166 a multiple of 11?
True
Is 6 a factor of 78?
True
Is 74911 a multiple of 26?
False
Is 46 a factor of 14822?
False
Does 28 divide 1260?
True
Does 10 divide 34?
False
Is 4620 a multiple of 55?
True
Is 6 a factor of 913?
False
Is 18303 a multiple of 117?
False
Is 107 a multiple of 2?
False
Does 154 divide 12012?
True
Is 17 a factor of 12478?
True
Does 16 divide 22912?
True
Is 891 a multiple of 21?
False
Does 43 divide 602?
True
Does 187 divide 261?
False
Does 74 divide 10952?
True
Is 24 a factor of 3686?
False
Is 56 a factor of 18211?
False
Does 40 divide 24000?
True
Is 20400 a multiple of 36?
False
Is 14 a factor of 38752?
True
Is 90 a factor of 1343?
False
Is 1495 a multiple of 65?
True
Is 16 a factor of 130?
False
Is 29 a factor of 3428?
False
Is 32 a factor of 5216?
True
Is 3570 a multiple of 102?
True
Does 23 divide 2649?
False
Is 17100 a multiple of 114?
True
Is 2004 a multiple of 10?
False
Does 82 divide 8692?
True
Does 12 divide 1944?
True
Does 16 divide 10896?
True
Does 24 divide 144?
True
Is 72 a multiple of 72?
True
Is 7 a factor of 191?
False
Does 3 divide 3?
True
Is 72 a factor of 2555?
False
Is 1057 a multiple of 16?
False
Is 226 a multiple of 7?
False
Is 2418 a multiple of 31?
True
Is 1387 a multiple of 6?
False
Is 531 a multiple of 27?
False
Is 547 a multiple of 11?
False
Is 382 a multiple of 15?
False
Does 25 divide 5713?
False
Does 74 divide 6290?
True
Does 23 divide 2116?
True
Is 957 a multiple of 33?
True
Is 126 a multiple of 21?
True
Is 10391 a multiple of 26?
False
Is 6 a factor of 558?
True
Is 25 a factor of 250?
True
Is 14994 a multiple of 127?
False
Is 561 a multiple of 33?
True
Does 41 divide 2091?
True
Does 90 divide 30960?
True
Is 5500 a multiple of 55?
True
Is 29 a factor of 870?
True
Does 19 divide 634?
False
Is 12 a factor of 144?
True
Does 5 divide 15579?
False
Is 102 a multiple of 7?
False
Does 37 divide 674?
False
Does 90 divide 18031?
False
Does 9 divide 19341?
True
Does 13 divide 67097?
False
Does 24 divide 2736?
True
Does 14 divide 798?
True
Does 7 divide 9436?
True
Does 163 divide 144418?
True
Is 906 a multiple of 4?
False
Is 23 a factor of 46171?
False
Is 532 a multiple of 38?
True
Does 51 divide 10238?
False
Is 28 a factor of 7020?
False
Is 70 a factor of 6959?
False
Does 23 divide 322?
True
Does 2 divide 262?
True
Is 263 a factor of 14991?
True
Does 10 divide 166?
False
Is 10 a factor of 215?
False
Does 6 divide 419?
False
Is 1080 a multiple of 8?
True
Is 97 a factor of 3104?
True
Is 5 a factor of 600?
True
Is 7 a factor of 29789?
False
Does 78 divide 36660?
True
Is 13 a factor of 1274?
True
Is 96 a factor of 1632?
True
Does 37 divide 949?
False
Is 1730 a multiple of 5?
True
Does 69 divide 5470?
False
Does 215 divide 53105?
True
Does 8 divide 1559?
False
Does 82 divide 1740?
False
Is 20 a factor of 100?
True
Does 184 divide 27048?
True
Is 119 a factor of 79968?
True
Is 9000 a multiple of 8?
True
Does 7 divide 70?
True
Is 61 a factor of 4758?
True
Is 5 a factor of 784?
False
Is 26 a factor of 1030?
False
Does 233 divide 22157?
False
Does 41 divide 1230?
True
Is 284 a multiple of 29?
False
Is 4 a factor of 414?
False
Is 109 a multiple of 27?
False
Is 168 a multiple of 7?
True
Is 13594 a multiple of 62?
False
Does 105 divide 2776?
False
Does 40 divide 2400?
True
Is 574 a multiple of 21?
False
Is 16 a factor of 15344?
True
Does 70 divide 2550?
False
Is 31 a factor of 4183?
False
Does 84 divide 2436?
True
Is 3442 a multiple of 114?
False
Does 48 divide 3963?
False
Does 22 divide 5823?
False
Does 219 divide 39858?
True
Does 12 divide 24768?
True
Is 807 a multiple of 22?
False
Is 7 a factor of 231?
True
Does 26 divide 846?
False
Is 4 a factor of 427?
False
Is 25275 a multiple of 75?
True
Does 8 divide 654?
False
Is 17 a factor of 294?
False
Does 11 divide 198?
True
Is 143 a factor of 1001?
True
Is 82 a multiple of 4?
False
Is 1067 a multiple of 15?
False
Is 75777 a multiple of 201?
True
Is 6137 a multiple of 179?
False
Does 50 divide 100?
True
Is 10512 a multiple of 28?
False
Is 41 a factor of 2132?
True
Is 144 a multiple of 5?
False
Is 12 a factor of 48?
True
Is 15 a factor of 315?
True
Does 9 divide 225?
True
Is 418 a multiple of 24?
False
Does 22 divide 2310?
True
Does 15 divide 62325?
True
Is 183 a factor of 1697?
False
Does 20 divide 2961?
False
Is 8 a factor of 84?
False
Is 715 a multi